 and 288303?
51
Calculate the greatest common divisor of 423882880 and 20.
20
Calculate the highest common factor of 120 and 269159120.
40
Calculate the highest common divisor of 790868 and 615596.
268
Calculate the greatest common divisor of 120668 and 68288.
388
What is the highest common divisor of 40752 and 36156080?
4528
Calculate the highest common divisor of 777390 and 11460.
30
Calculate the greatest common divisor of 5341 and 190532.
109
What is the greatest common factor of 159 and 48605717?
53
What is the greatest common divisor of 570438 and 1988019?
4257
Calculate the highest common divisor of 32 and 10292192.
32
What is the greatest common factor of 369 and 1632661?
41
What is the highest common divisor of 24 and 27294804?
12
Calculate the highest common factor of 6957752 and 3186.
118
Calculate the greatest common factor of 897 and 156819.
39
Calculate the greatest common divisor of 1190 and 668763935.
595
Calculate the greatest common factor of 207 and 4792671.
207
Calculate the greatest common factor of 7289220 and 165.
15
What is the greatest common factor of 762 and 108753?
3
Calculate the highest common factor of 16652 and 185472.
92
Calculate the greatest common factor of 875 and 3891293.
7
Calculate the highest common divisor of 462557046 and 28.
14
What is the highest common factor of 70754216 and 15576?
472
Calculate the highest common factor of 45147396 and 2460.
492
What is the greatest common factor of 14424553 and 741?
247
Calculate the greatest common factor of 39655 and 87828615.
3605
Calculate the highest common factor of 19080 and 59.
1
Calculate the greatest common factor of 9178800 and 1320.
120
Calculate the highest common factor of 99891759 and 1463.
209
Calculate the highest common divisor of 6453046 and 190.
38
What is the greatest common divisor of 16 and 2898998?
2
Calculate the greatest common factor of 1653 and 101737191.
1653
What is the greatest common factor of 543306 and 4901162?
1426
Calculate the highest common divisor of 16861 and 13458969.
1297
Calculate the highest common divisor of 2075 and 23618225.
25
What is the greatest common factor of 26533305 and 45?
45
Calculate the highest common divisor of 65386123 and 99.
11
What is the greatest common divisor of 50356802 and 38?
38
Calculate the greatest common divisor of 20834356 and 3352.
1676
What is the highest common factor of 13216 and 1588811?
413
Calculate the highest common divisor of 5090099 and 182.
7
What is the greatest common divisor of 253338336 and 108?
36
Calculate the greatest common factor of 3407043 and 3597157.
5003
What is the greatest common factor of 484619091 and 1563?
1563
Calculate the highest common factor of 9632 and 40064864.
224
What is the highest common divisor of 185725 and 46998200?
9775
What is the highest common factor of 92092214 and 262?
262
Calculate the highest common divisor of 620 and 2596300.
20
Calculate the highest common factor of 31471551 and 246456.
4401
Calculate the greatest common divisor of 308 and 13379828.
308
Calculate the highest common factor of 13786256 and 144.
16
Calculate the highest common divisor of 471094 and 12896.
26
Calculate the highest common divisor of 36324 and 50796.
36
Calculate the greatest common divisor of 31797711 and 847.
121
What is the highest common divisor of 18876468 and 546?
78
What is the highest common factor of 137696 and 1492?
4
Calculate the highest common divisor of 76019047 and 78.
13
What is the greatest common divisor of 4149632 and 1207?
17
What is the highest common factor of 2504808 and 342000?
1368
Calculate the greatest common divisor of 4347 and 172477.
23
What is the highest common divisor of 144318544 and 16?
16
What is the highest common divisor of 6994023 and 12643?
47
What is the highest common divisor of 8909262 and 45?
9
What is the highest common factor of 128656 and 1109744?
688
Calculate the highest common divisor of 29128 and 10472.
88
What is the greatest common divisor of 990994453 and 31?
31
Calculate the greatest common divisor of 214913143 and 2807.
401
What is the highest common factor of 62528 and 257216?
64
What is the greatest common divisor of 128 and 17592368?
16
What is the highest common factor of 9 and 11230617?
3
Calculate the greatest common divisor of 3760510 and 2080.
130
Calculate the highest common factor of 20289024 and 153.
153
Calculate the highest common factor of 267140 and 3135.
95
Calculate the highest common divisor of 58426 and 4225798.
262
What is the greatest common divisor of 521982 and 5499?
423
Calculate the highest common divisor of 155662 and 13663.
13
Calculate the greatest common divisor of 235 and 11485.
5
What is the greatest common divisor of 438252 and 6544068?
7428
What is the greatest common divisor of 3017595 and 22575?
105
Calculate the greatest common divisor of 44 and 7375852.
44
What is the highest common divisor of 92028359 and 2827?
257
Calculate the highest common divisor of 836 and 1893331.
209
Calculate the greatest common factor of 8066853 and 23904.
747
What is the greatest common factor of 14649072 and 74075?
2963
What is the highest common divisor of 1742226 and 280502?
278
What is the greatest common divisor of 40797 and 15849?
27
Calculate the highest common factor of 28735 and 9079.
7
Calculate the greatest common factor of 139081969 and 26.
13
What is the greatest common divisor of 113850229 and 771?
257
Calculate the highest common divisor of 313190 and 10.
10
What is the highest common divisor of 18 and 1750521879?
9
What is the highest common divisor of 24227500 and 7048?
3524
What is the highest common divisor of 471535 and 3?
1
What is the greatest common divisor of 55440363 and 222684?
7953
Calculate the greatest common factor of 1228 and 198250776.
1228
Calculate the greatest common factor of 6090 and 512470.
70
What is the highest common divisor of 28 and 24573628?
4
Calculate the greatest common divisor of 1845 and 15616620.
45
Calculate the greatest common divisor of 5 and 130831880.
5
What is the greatest common divisor of 1159195 and 5?
5
What is the highest common factor of 242 and 691482?
22
Calculate the greatest common factor of 192904 and 872.
8
What is the highest common divisor of 19329303 and 49?
7
What is the greatest common factor of 792 and 161059140?
396
Calculate the highest common divisor of 263448 and 153.
9
What is the highest common divisor of 51 and 4613562?
51
Calculate the greatest common divisor of 1560 and 47627320.
520
What is the greatest common factor of 4395 and 88215?
15
Calculate the greatest common divisor of 6339595112 and 4118.
4118
What is the highest common factor of 11846256 and 7788?
708
Calculate the greatest common factor of 95 and 1476785.
5
Calculate the highest common divisor of 24084770 and 140990.
6130
What is the highest common divisor of 2521585 and 602107?
1397
Calculate the greatest common divisor of 16 and 584557816.
8
Calculate the greatest common divisor of 8524926 and 2187.
2187
Calculate the greatest common divisor of 21 and 270342107.
7
Calculate the greatest common divisor of 14141304 and 60.
12
Calculate the highest common divisor of 408 and 38148.
204
Calculate the greatest common divisor of 33859679 and 28.
7
What is the greatest common divisor of 144959388 and 252?
84
What is the highest common divisor of 6175 and 14419600?
325
Calculate the greatest common divisor of 24651 and 1413423.
297
Calculate the greatest common factor of 11325 and 79728.
453
What is the greatest common factor of 21125031 and 50014?
1471
What is the greatest common divisor of 648652 and 33660?
68
What is the greatest common divisor of 1278 and 4035498?
426
Calculate the highest common divisor of 7488 and 1551552.
192
Calculate the highest common divisor of 3725370 and 750.
30
What is the highest common divisor of 609 and 3481131?
87
What is the highest common factor of 195 and 25338768?
39
What is the highest common divisor of 3264 and 313312?
32
What is the greatest common divisor of 56 and 222062008?
56
Calculate the highest common divisor of 220 and 2471740.
20
What is the highest common factor of 80 and 50498540?
20
What is the greatest common divisor of 477451776 and 3456?
384
What is the highest common divisor of 40250 and 6